*r = 2*r - 2*d + 98, -5*r = -4*d - 462. What is the tens digit of (-4)/(-6) - r/(-3)?
3
Let f be (-3)/12 - 188/16. What is the tens digit of (f/1)/((-6)/15)?
3
What is the tens digit of -149*(30/(-6) + 3)?
9
Let c be (-2 + (-3)/(-3))*-3. Let x(j) = -j**2 - j - 1. Let l be x(c). Let i = -2 - l. What is the units digit of i?
1
Let x be -1*(-4)/(-2) + 10. Let n = x - 5. What is the units digit of n?
3
Let f = 20 - 13. Suppose -3*j + 9 = -b, -j - 5*b + 12 + f = 0. What is the units digit of j - ((-6)/3 + 2)?
4
What is the units digit of 4 + ((-122)/(-2))/1?
5
Let x(z) = -6*z**2 + 2*z + 1. Let b be x(-1). Let v(f) = f + 11. Let w be v(b). Suppose -3 = -n + w. What is the units digit of n?
7
Let r be (-1 - -1)*(0 + 1). Let i be -2 + 3 - (r + 0). What is the units digit of (7 + -4)/(i/1)?
3
Let x(n) = 85*n - 16. What is the hundreds digit of x(3)?
2
Suppose q - 2 = i - 7, i - 5 = -2*q. Suppose 0 = -3*a + i + 7. What is the units digit of a?
4
Let d(i) = 10*i**2 - i. What is the units digit of d(-1)?
1
Let c(q) = -q**3 - 2*q**2 - 2*q + 68. What is the tens digit of c(0)?
6
Suppose -4*i + 1 = -7. Suppose -4*y - 8 = 4*a, 4*a = 8*a - i*y - 16. Suppose 0 = -0*j - a*j + 4. What is the units digit of j?
2
Let j(o) = -o**3 + o**2 - 2*o - 2. What is the hundreds digit of j(-5)?
1
Let j(c) = 28*c - 7. What is the tens digit of j(4)?
0
Let t = 45 - -40. What is the tens digit of t?
8
Let w(u) = -2*u**3 + u**2 - u - 1. Let m be w(-1). Suppose -9 = m*q, -3*s + 141 = -0*s + q. Suppose 4*n = s - 16. What is the units digit of n?
8
Let o be -1*(2 - 29*6). Let k = o + -16. What is the tens digit of (1/3)/(4/k)?
1
Let c = -19 + 40. What is the units digit of c?
1
Let r(g) = g**2 - 5*g + 10. What is the tens digit of r(7)?
2
Let h(v) = -v**3 + 4*v**2 + 7*v - 5. Let z be h(5). Suppose -3 = -3*o - 0*b + b, 0 = 2*o + z*b - 2. What is the units digit of o?
1
Suppose 3*k - 5*a = 2*k - 18, -5*a + 30 = 5*k. Suppose 0 = y + 2 - 1. Let l = k - y. What is the units digit of l?
3
Let l = -9 - -1. Let c = -7 - l. What is the units digit of c?
1
Let a(y) = -y**3 + 8*y**2 - 9*y + 2. Let m be a(6). Suppose 17 = 4*x - 39. Let s = m - x. What is the units digit of s?
6
Suppose -a = -2*x + 8, 7*x - 4*x + 5*a = -1. Suppose 0 = 4*r - 5*v - 59, -3*r - x*v = -8*v - 48. What is the units digit of r?
1
Let k = 52 - 27. What is the tens digit of k?
2
Let x = 131 + 21. What is the units digit of x?
2
Let c = -2 + 5. Suppose c*w + 4 = 16. Suppose -3*g - k = -25, -w*g + 2*g - 4*k + 10 = 0. What is the units digit of g?
9
Let r(k) = 1 - k - 4 - 1. Let i(p) = -3*p + 8. Let g be i(7). What is the units digit of r(g)?
9
Suppose -4*r = -r + 36. What is the tens digit of -1 - -19 - (11 + r)?
1
Let d(v) = v. Let t(p) = 2*p + 6. Let r(c) = 5*d(c) - t(c). What is the units digit of r(5)?
9
Let y(f) = -3*f**3 - f - 1. Suppose -4*c - 6 = -j, 3*c - 7*c - 5*j + 6 = 0. Let g be y(c). Suppose -1 = g*t - 7. What is the units digit of t?
2
Let z = 4 - -1. What is the units digit of z?
5
Suppose 7 = -q - 2*y, -q + 5*y + 40 = 4*q. Suppose 3*v - 13 = -l, q*v - 6*v + 9 = 3*l. Suppose 0 = 2*f - v*d + 1, f - 4*d = -f. What is the units digit of f?
2
What is the tens digit of ((-6)/5)/((-39)/520)?
1
Let c = 50 - 26. Let b = 4 + c. What is the tens digit of b?
2
Let m = -34 - -69. What is the units digit of m?
5
Let a be (0 - 0)/(-4)*-1. Suppose 3*m - 90 = 3*j, a*m + 2*m + j - 48 = 0. What is the tens digit of m?
2
Suppose 4*f - f = 3*i - 420, -f = -2*i + 283. What is the hundreds digit of i?
1
Suppose -3*k - 5*l + 1 = 0, -5*l = -2*k + 15 - 6. What is the units digit of k?
2
What is the units digit of 5/(-3 + (-46)/(-12))?
6
Let t(n) = -7*n**2 + 3*n + 2. Let b be t(-1). Let c = b - -56. What is the units digit of c?
8
Suppose a + 43 = 2*a. What is the tens digit of a?
4
Let g be (-16)/6*21/(-14). Suppose 2*s + 8 = g*s. Let i(u) = 3*u + 1. What is the tens digit of i(s)?
1
Suppose 69 - 4 = 5*y. Let g = y + -3. Suppose -2*v = 4*a - v - 40, -2*a = 3*v - g. What is the tens digit of a?
1
Let y(m) = -m**2 + 8*m - 5. Let i be y(5). Suppose -i = -0*q - q. What is the units digit of (2/1)/(q/15)?
3
Let b(x) = x**3 + 6*x**2 + x. What is the tens digit of b(-3)?
2
Let a(x) = x + 4. Let n(b) = -b + 3. Let v be n(0). Let g be a(v). Suppose 5*o = -g + 42. What is the units digit of o?
7
Let w = 1 + 0. Let h(r) = 2*r**2 + r - 1. What is the units digit of h(w)?
2
Suppose 0 = -4*b - 4*o - 4, -b - 1 = 2*o - 5*o. What is the units digit of 0 + 1 + 2 + b?
2
Let t(n) = -n**3 - 10*n**2 + 9*n - 12. What is the tens digit of t(-11)?
1
Suppose 0 = 4*q - 66 - 46. What is the tens digit of q?
2
Let f(z) = -z**3 + 6*z**2 + 14*z + 20. Let t be f(8). Let u be (0/(-2))/((-1)/(-1)). Suppose c + t*c - 85 = -5*v, u = 5*c + v - 77. What is the tens digit of c?
1
Let f(i) = -4*i**3 - 3*i**2 + 5*i + 2. Let d be f(-3). Let y = 96 - d. What is the tens digit of y?
2
Let j(w) = -w**2 + 5*w - 3. Let r be j(5). Let k = 8 + r. What is the units digit of k?
5
Let z be (2*22)/((-1)/(-1)). Suppose d + 18 = 2*f + 3*f, -5*d - z = -2*f. Let l = d - -12. What is the units digit of l?
4
Suppose 2*c = c + 28. Suppose -4*g = -5*u - c, -6*g - u = -4*g - 14. What is the units digit of g?
7
Suppose 8*g - 354 = 174. What is the tens digit of g?
6
What is the units digit of (-3 + -3 - -3) + 29?
6
Let p(u) = u**3 - 6*u**2 + 9*u - 4. Let m be p(6). Let i = 5 + m. Suppose -4*y + i = 11. What is the tens digit of y?
1
Let n(x) = -x**2 - 11*x + 15. Let b be n(-12). Let w = -58 - -123. Suppose 4*s = 3*f - 74, -2*s + w = 5*f + b*s. What is the tens digit of f?
1
Suppose -6*u + u = -110. What is the tens digit of u?
2
Suppose 3*c + 1 = 7. Suppose c*a - 1 - 7 = 0. Let y(u) = u**2 - 2*u - 4. What is the units digit of y(a)?
4
Let v(m) = 7*m + 4. Let q be v(5). Suppose 5*c = -3*l + 15, 0*l - 4*l + 9 = 3*c. Suppose c*h - q = -0*h. What is the tens digit of h?
1
Let x(y) = 7*y. Let q be x(1). What is the tens digit of 246/21 + 2/q?
1
Let h(n) = -14*n - 2. Let v be h(-5). Suppose -3*q + 74 = 5*x - 6*q, 4*x - v = -2*q. What is the tens digit of x?
1
Suppose -4*x - 13 = -2*v + v, -4*x - 25 = 3*v. What is the tens digit of -7*(x + -3 - -4)?
2
Let n(a) = a**2 + 2*a - 3. Let t be n(-3). Suppose 0*r - 3*r + 6 = t. What is the units digit of r?
2
Let y(v) = v**3 + 8*v**2 + 7*v + 10. What is the units digit of y(-7)?
0
Let i = 1 - -3. Suppose -n - 78 = -i*a, 5*n = 3*a - 6*a + 70. What is the tens digit of a?
2
Let o be ((-20)/(-16))/((-2)/(-152)). Suppose 17 - o = -k. Suppose 5*r - 5*j = -23 + k, -4 = j. What is the units digit of r?
7
Let y(s) = -s**3 - 19*s**2 + 19*s - 15. What is the units digit of y(-20)?
5
What is the tens digit of -2 - -86 - (-9)/3*1?
8
What is the hundreds digit of (41*5/(-10))/(3/(-24))?
1
Let c = -2 - -32. What is the units digit of c?
0
Let v(w) be the third derivative of -1/20*w**5 + 0 + w**2 - 2/3*w**3 + 1/120*w**6 + 1/6*w**4 + 0*w. What is the units digit of v(3)?
8
Let t(g) = -7*g - 6. What is the units digit of t(-3)?
5
What is the units digit of (-49)/(-2) - 9/18?
4
Let t be 5/1*4/10. Suppose t*m - 5*a + a = 24, 3*m - 12 = -2*a. Suppose d + 25 = m*d. What is the units digit of d?
5
Suppose -m = 2*s - 3*s - 26, 2*m + 3*s = 67. What is the tens digit of m?
2
Suppose s = 3*p + 50, -7*p + 3*p = 3*s - 85. Suppose 0 = l + 4*l - s. What is the units digit of l?
7
Suppose 0 = -2*y - 2*y + 12. Suppose y*f = 20 + 25. What is the units digit of f?
5
Let v(i) = -i + 9. Let w be (48/40)/((-3)/(-10)). What is the units digit of v(w)?
5
Let j = 123 - 33. What is the tens digit of j?
9
Let n be (-4)/((-8)/6) + 1. Suppose -n*u = -28 - 108. What is the units digit of u?
4
Let t = -11 - -50. What is the tens digit of t?
3
Let a = -3 - -5. Suppose a*y = -0*y + 4. Suppose 5*u - 19 = -z, -2*z + 3*u - y*u + 16 = 0. What is the units digit of z?
9
Let g(f) = 2*f**2 + 3*f + 5. Let q(r) = r**2 + 1. Let d(b) = g(b) - 3*q(b). Let h be d(3). Suppose 8 - 2 = h*z. What is the units digit of z?
3
Suppose -3*v - 4 = -4*v. Let p = v + -4. Suppose 3*q + p*q = 24. What is the units digit of q?
8
Suppose -4*k + 12 + 12 = 0. Suppose -7*p + k*p + 17 = 0. What is the tens digit of p?
1
Suppose 5*a + 2*m - 25 = 0, 5*m - 25 = -5*a + 2*m. What is the units digit of a?
5
Let j be 70/15 + (-2)/3. Let q b